{"id":150,"date":"2021-11-03T22:28:48","date_gmt":"2021-11-03T22:28:48","guid":{"rendered":"https:\/\/startertemplatecloud.com\/g20\/?page_id=150"},"modified":"2025-06-27T19:38:00","modified_gmt":"2025-06-27T19:38:00","slug":"quienes-somos","status":"publish","type":"page","link":"https:\/\/teknoweb.co\/ecological\/quienes-somos\/","title":{"rendered":"Acerca de Ecological"},"content":{"rendered":"<style>.kb-row-layout-id150_990d2f-a7 > .kt-row-column-wrap{align-content:start;}:where(.kb-row-layout-id150_990d2f-a7 > .kt-row-column-wrap) > .wp-block-kadence-column{justify-content:start;}.kb-row-layout-id150_990d2f-a7 > .kt-row-column-wrap{column-gap:var(--global-kb-gap-md, 2rem);row-gap:var(--global-kb-gap-md, 2rem);max-width:var( --global-content-width, 1290px );padding-left:var(--global-content-edge-padding);padding-right:var(--global-content-edge-padding);padding-top:250px;padding-bottom:100px;grid-template-columns:minmax(0, 1fr);}.kb-row-layout-id150_990d2f-a7 > .kt-row-layout-overlay{opacity:0.69;background-color:var(--global-palette1, #3182CE);mix-blend-mode:normal;}@media all and (max-width: 1024px){.kb-row-layout-id150_990d2f-a7 > .kt-row-column-wrap{grid-template-columns:minmax(0, 1fr);}}@media all and (max-width: 767px){.kb-row-layout-id150_990d2f-a7 > .kt-row-column-wrap{grid-template-columns:minmax(0, 1fr);}}<\/style><div class=\"kb-row-layout-wrap kb-row-layout-id150_990d2f-a7 alignnone kt-row-has-bg wp-block-kadence-rowlayout\"><div class=\"kb-blocks-bg-video-container embedded\"><div class=\"kb-bg-video-iframe kb-bg-video-ratio-16-9\"><iframe frameborder=\"0\" class=\"kb-blocks-bg-video youtube\" id=\"bg-row-video-150_990d2f-a7\" src=\"https:\/\/www.youtube.com\/embed\/rHdU_iTy4FI?autoplay=1&amp;controls=0&amp;mute=1&amp;muted=1&amp;loop=1&amp;playlist=rHdU_iTy4FI&amp;disablekb=1&amp;modestbranding=1&amp;playsinline=1&amp;rel=0\" autoplay><\/iframe><\/div><\/div><div class=\"kt-row-layout-overlay kt-row-overlay-normal\"><\/div><div class=\"kt-row-column-wrap kt-has-1-columns kt-row-layout-equal kt-tab-layout-inherit kt-mobile-layout-row kt-row-valign-top kb-theme-content-width\">\n<style>.kadence-column150_f72472-5c > .kt-inside-inner-col,.kadence-column150_f72472-5c > .kt-inside-inner-col:before{border-top-left-radius:0px;border-top-right-radius:0px;border-bottom-right-radius:0px;border-bottom-left-radius:0px;}.kadence-column150_f72472-5c > .kt-inside-inner-col{column-gap:var(--global-kb-gap-sm, 1rem);}.kadence-column150_f72472-5c > .kt-inside-inner-col{flex-direction:column;}.kadence-column150_f72472-5c > .kt-inside-inner-col > .aligncenter{width:100%;}.kadence-column150_f72472-5c > .kt-inside-inner-col:before{opacity:0.3;}.kadence-column150_f72472-5c{position:relative;}@media all and (max-width: 1024px){.kadence-column150_f72472-5c > .kt-inside-inner-col{flex-direction:column;}}@media all and (max-width: 767px){.kadence-column150_f72472-5c > .kt-inside-inner-col{flex-direction:column;}}<\/style>\n<div class=\"wp-block-kadence-column kadence-column150_f72472-5c inner-column-1\"><div class=\"kt-inside-inner-col\"><style>.wp-block-kadence-advancedheading.kt-adv-heading150_8d0564-6e, .wp-block-kadence-advancedheading.kt-adv-heading150_8d0564-6e[data-kb-block=\"kb-adv-heading150_8d0564-6e\"]{text-align:left;font-style:normal;text-transform:uppercase;}.wp-block-kadence-advancedheading.kt-adv-heading150_8d0564-6e mark.kt-highlight, .wp-block-kadence-advancedheading.kt-adv-heading150_8d0564-6e[data-kb-block=\"kb-adv-heading150_8d0564-6e\"] mark.kt-highlight{font-style:normal;color:#f76a0c;padding-top:0px;padding-right:0px;padding-bottom:0px;padding-left:0px;}<\/style>\n<h2 class=\"kt-adv-heading150_8d0564-6e wp-block-kadence-advancedheading has-theme-palette-9-color has-text-color\" data-kb-block=\"kb-adv-heading150_8d0564-6e\">egological<\/h2>\n\n\n<style>.wp-block-kadence-advancedheading.kt-adv-heading150_7c0f84-45, .wp-block-kadence-advancedheading.kt-adv-heading150_7c0f84-45[data-kb-block=\"kb-adv-heading150_7c0f84-45\"]{font-style:normal;}.wp-block-kadence-advancedheading.kt-adv-heading150_7c0f84-45 mark.kt-highlight, .wp-block-kadence-advancedheading.kt-adv-heading150_7c0f84-45[data-kb-block=\"kb-adv-heading150_7c0f84-45\"] mark.kt-highlight{font-style:normal;color:#f76a0c;padding-top:0px;padding-right:0px;padding-bottom:0px;padding-left:0px;}<\/style>\n<p class=\"kt-adv-heading150_7c0f84-45 wp-block-kadence-advancedheading has-theme-palette-9-color has-text-color\" data-kb-block=\"kb-adv-heading150_7c0f84-45\">Somos l\u00edderes en soluciones sostenibles que<br>equilibran desarrollo y preservaci\u00f3n ambiental.<br>Email: info@ecological.cr <\/p>\n<\/div><\/div>\n\n<\/div><\/div>\n\n<style>.kb-row-layout-id150_006715-71 > .kt-row-column-wrap{align-content:start;}:where(.kb-row-layout-id150_006715-71 > .kt-row-column-wrap) > .wp-block-kadence-column{justify-content:start;}.kb-row-layout-id150_006715-71 > .kt-row-column-wrap{column-gap:80px;row-gap:var(--global-kb-gap-md, 2rem);max-width:var( --global-content-width, 1290px );padding-left:var(--global-content-edge-padding);padding-right:var(--global-content-edge-padding);padding-top:80px;padding-bottom:80px;grid-template-columns:minmax(0, 1fr) minmax(0, 2fr);}.kb-row-layout-id150_006715-71 > .kt-row-layout-overlay{opacity:0.30;}@media all and (max-width: 1024px){.kb-row-layout-id150_006715-71 > .kt-row-column-wrap{grid-template-columns:minmax(0, 1fr) minmax(0, 2fr);}}@media all and (max-width: 767px){.kb-row-layout-id150_006715-71 > .kt-row-column-wrap{grid-template-columns:minmax(0, 1fr);}}<\/style><div class=\"kb-row-layout-wrap kb-row-layout-id150_006715-71 alignnone wp-block-kadence-rowlayout\"><div class=\"kt-row-column-wrap kt-has-2-columns kt-row-layout-right-golden kt-tab-layout-inherit kt-mobile-layout-row kt-row-valign-top kt-inner-column-height-full kb-theme-content-width\">\n<style>.kadence-column150_a33f8b-44 > .kt-inside-inner-col,.kadence-column150_a33f8b-44 > .kt-inside-inner-col:before{border-top-left-radius:10px;border-top-right-radius:10px;border-bottom-right-radius:10px;border-bottom-left-radius:10px;}.kadence-column150_a33f8b-44 > .kt-inside-inner-col{column-gap:var(--global-kb-gap-sm, 1rem);}.kadence-column150_a33f8b-44 > .kt-inside-inner-col{flex-direction:column;}.kadence-column150_a33f8b-44 > .kt-inside-inner-col > .aligncenter{width:100%;}.kadence-column150_a33f8b-44 > .kt-inside-inner-col{background-image:url('https:\/\/teknoweb.co\/ecological\/wp-content\/uploads\/2024\/12\/638.jpg');background-size:cover;background-position:center center;background-attachment:scroll;background-repeat:no-repeat;}.kadence-column150_a33f8b-44 > .kt-inside-inner-col:before{opacity:0.3;}.kadence-column150_a33f8b-44{position:relative;}@media all and (max-width: 1024px){.kadence-column150_a33f8b-44 > .kt-inside-inner-col{flex-direction:column;}}@media all and (max-width: 767px){.kadence-column150_a33f8b-44 > .kt-inside-inner-col{padding-bottom:300px;flex-direction:column;}}<\/style>\n<div class=\"wp-block-kadence-column kadence-column150_a33f8b-44 inner-column-1\"><div class=\"kt-inside-inner-col\"><\/div><\/div>\n\n\n<style>.kadence-column150_5ddc03-e5 > .kt-inside-inner-col,.kadence-column150_5ddc03-e5 > .kt-inside-inner-col:before{border-top-left-radius:0px;border-top-right-radius:0px;border-bottom-right-radius:0px;border-bottom-left-radius:0px;}.kadence-column150_5ddc03-e5 > .kt-inside-inner-col{column-gap:var(--global-kb-gap-sm, 1rem);}.kadence-column150_5ddc03-e5 > .kt-inside-inner-col{flex-direction:column;}.kadence-column150_5ddc03-e5 > .kt-inside-inner-col > .aligncenter{width:100%;}.kadence-column150_5ddc03-e5 > .kt-inside-inner-col:before{opacity:0.3;}.kadence-column150_5ddc03-e5{position:relative;}.kadence-column150_5ddc03-e5, .kt-inside-inner-col > .kadence-column150_5ddc03-e5:not(.specificity){margin-right:100px;}@media all and (max-width: 1024px){.kadence-column150_5ddc03-e5 > .kt-inside-inner-col{flex-direction:column;}}@media all and (max-width: 767px){.kadence-column150_5ddc03-e5 > .kt-inside-inner-col{padding-right:0px;flex-direction:column;}.kadence-column150_5ddc03-e5, .kt-inside-inner-col > .kadence-column150_5ddc03-e5:not(.specificity){margin-right:0px;}}<\/style>\n<div class=\"wp-block-kadence-column kadence-column150_5ddc03-e5 inner-column-2\"><div class=\"kt-inside-inner-col\"><style>.wp-block-kadence-advancedheading.kt-adv-heading150_c3c0d0-b0, .wp-block-kadence-advancedheading.kt-adv-heading150_c3c0d0-b0[data-kb-block=\"kb-adv-heading150_c3c0d0-b0\"]{font-style:normal;}.wp-block-kadence-advancedheading.kt-adv-heading150_c3c0d0-b0 mark.kt-highlight, .wp-block-kadence-advancedheading.kt-adv-heading150_c3c0d0-b0[data-kb-block=\"kb-adv-heading150_c3c0d0-b0\"] mark.kt-highlight{font-style:normal;color:#f76a0c;padding-top:0px;padding-right:0px;padding-bottom:0px;padding-left:0px;}@media all and (max-width: 767px){.wp-block-kadence-advancedheading.kt-adv-heading150_c3c0d0-b0, .wp-block-kadence-advancedheading.kt-adv-heading150_c3c0d0-b0[data-kb-block=\"kb-adv-heading150_c3c0d0-b0\"]{padding-right:0px;}}<\/style>\n<h2 class=\"kt-adv-heading150_c3c0d0-b0 wp-block-kadence-advancedheading has-theme-palette-3-color has-text-color\" data-kb-block=\"kb-adv-heading150_c3c0d0-b0\">\u00bfQui\u00e9nes Somos?<\/h2>\n\n\n\n<p>En Ecological CR, lideramos la implementaci\u00f3n de soluciones ambientales integrales que promueven un equilibrio sostenible entre desarrollo econ\u00f3mico y preservaci\u00f3n del entorno. Nos enfocamos en cuatro pilares fundamentales: <strong>eficiencia energ\u00e9tica, energ\u00edas limpias, gesti\u00f3n h\u00eddrica y neutralidad de carbono<\/strong>. Con una visi\u00f3n clara y orientada al futuro, dise\u00f1amos y ejecutamos proyectos a medida que no solo reducen el impacto ambiental, sino que tambi\u00e9n optimizan el rendimiento de nuestros clientes en distintos sectores.<\/p>\n<\/div><\/div>\n\n<\/div><\/div>\n\n<style>.kb-row-layout-id150_df650f-32 > .kt-row-column-wrap{align-content:start;}:where(.kb-row-layout-id150_df650f-32 > .kt-row-column-wrap) > .wp-block-kadence-column{justify-content:start;}.kb-row-layout-id150_df650f-32 > .kt-row-column-wrap{column-gap:80px;row-gap:var(--global-kb-gap-md, 2rem);max-width:var( --global-content-width, 1290px );padding-left:var(--global-content-edge-padding);padding-right:var(--global-content-edge-padding);padding-top:20px;padding-bottom:20px;grid-template-columns:minmax(0, 2fr) minmax(0, 1fr);}.kb-row-layout-id150_df650f-32 > .kt-row-layout-overlay{opacity:0.30;}@media all and (max-width: 1024px){.kb-row-layout-id150_df650f-32 > .kt-row-column-wrap{grid-template-columns:minmax(0, 2fr) minmax(0, 1fr);}}@media all and (max-width: 767px){.kb-row-layout-id150_df650f-32 > .kt-row-column-wrap{grid-template-columns:minmax(0, 1fr);}.kb-row-layout-id150_df650f-32 > .kt-row-column-wrap > .wp-block-kadence-column:nth-child(1){order:2;}.kb-row-layout-id150_df650f-32 > .kt-row-column-wrap > .wp-block-kadence-column:nth-child(2){order:1;}.kb-row-layout-id150_df650f-32 > .kt-row-column-wrap > .wp-block-kadence-column:nth-child(3){order:12;}.kb-row-layout-id150_df650f-32 > .kt-row-column-wrap > .wp-block-kadence-column:nth-child(4){order:11;}.kb-row-layout-id150_df650f-32 > .kt-row-column-wrap > .wp-block-kadence-column:nth-child(5){order:22;}.kb-row-layout-id150_df650f-32 > .kt-row-column-wrap > .wp-block-kadence-column:nth-child(6){order:21;}.kb-row-layout-id150_df650f-32 > .kt-row-column-wrap > .wp-block-kadence-column:nth-child(7){order:32;}.kb-row-layout-id150_df650f-32 > .kt-row-column-wrap > .wp-block-kadence-column:nth-child(8){order:31;}}<\/style><div class=\"kb-row-layout-wrap kb-row-layout-id150_df650f-32 alignnone wp-block-kadence-rowlayout\"><div class=\"kt-row-column-wrap kt-has-2-columns kt-row-layout-left-golden kt-tab-layout-inherit kt-mobile-layout-row kt-row-valign-top kt-inner-column-height-full kb-theme-content-width\">\n<style>.kadence-column150_fc3a4e-c9 > .kt-inside-inner-col,.kadence-column150_fc3a4e-c9 > .kt-inside-inner-col:before{border-top-left-radius:0px;border-top-right-radius:0px;border-bottom-right-radius:0px;border-bottom-left-radius:0px;}.kadence-column150_fc3a4e-c9 > .kt-inside-inner-col{column-gap:var(--global-kb-gap-sm, 1rem);}.kadence-column150_fc3a4e-c9 > .kt-inside-inner-col{flex-direction:column;}.kadence-column150_fc3a4e-c9 > .kt-inside-inner-col > .aligncenter{width:100%;}.kadence-column150_fc3a4e-c9 > .kt-inside-inner-col:before{opacity:0.3;}.kadence-column150_fc3a4e-c9{position:relative;}@media all and (max-width: 1024px){.kadence-column150_fc3a4e-c9 > .kt-inside-inner-col{flex-direction:column;}}@media all and (max-width: 767px){.kadence-column150_fc3a4e-c9 > .kt-inside-inner-col{flex-direction:column;}}<\/style>\n<div class=\"wp-block-kadence-column kadence-column150_fc3a4e-c9 inner-column-1\"><div class=\"kt-inside-inner-col\">\n<p><br>Nuestro equipo de expertos est\u00e1 comprometido con la innovaci\u00f3n y la excelencia en cada etapa, desde el diagn\u00f3stico hasta la implementaci\u00f3n de soluciones pr\u00e1cticas y sostenibles. Cada iniciativa es abordada con una estrategia personalizada, adapt\u00e1ndonos a las particularidades de cada empresa y asegurando que nuestros proyectos generen un valor positivo, medible y duradero. Nuestra misi\u00f3n va m\u00e1s all\u00e1 de la consultor\u00eda: buscamos transformar la manera en que las organizaciones abordan su huella ambiental, contribuyendo activamente a un futuro m\u00e1s verde y resiliente para todos.<br><\/p>\n<\/div><\/div>\n\n\n<style>.kadence-column150_248d51-f7 > .kt-inside-inner-col,.kadence-column150_248d51-f7 > .kt-inside-inner-col:before{border-top-left-radius:10px;border-top-right-radius:10px;border-bottom-right-radius:10px;border-bottom-left-radius:10px;}.kadence-column150_248d51-f7 > .kt-inside-inner-col{column-gap:var(--global-kb-gap-sm, 1rem);}.kadence-column150_248d51-f7 > .kt-inside-inner-col{flex-direction:column;}.kadence-column150_248d51-f7 > .kt-inside-inner-col > .aligncenter{width:100%;}.kadence-column150_248d51-f7 > .kt-inside-inner-col{background-image:url('https:\/\/teknoweb.co\/ecological\/wp-content\/uploads\/2024\/12\/1800.jpg');background-size:cover;background-position:center center;background-attachment:scroll;background-repeat:no-repeat;}.kadence-column150_248d51-f7 > .kt-inside-inner-col:before{opacity:0.3;}.kadence-column150_248d51-f7{position:relative;}@media all and (max-width: 1024px){.kadence-column150_248d51-f7 > .kt-inside-inner-col{flex-direction:column;}}@media all and (max-width: 767px){.kadence-column150_248d51-f7 > .kt-inside-inner-col{padding-bottom:300px;flex-direction:column;}}<\/style>\n<div class=\"wp-block-kadence-column kadence-column150_248d51-f7 inner-column-2\"><div class=\"kt-inside-inner-col\"><\/div><\/div>\n\n<\/div><\/div>\n\n<style>.kb-row-layout-id150_00c222-3f > .kt-row-column-wrap{align-content:start;}:where(.kb-row-layout-id150_00c222-3f > .kt-row-column-wrap) > .wp-block-kadence-column{justify-content:start;}.kb-row-layout-id150_00c222-3f > .kt-row-column-wrap{column-gap:80px;row-gap:var(--global-kb-gap-md, 2rem);max-width:var( --global-content-width, 1290px );padding-left:var(--global-content-edge-padding);padding-right:var(--global-content-edge-padding);padding-top:80px;padding-bottom:80px;grid-template-columns:minmax(0, 1fr) minmax(0, 2fr);}.kb-row-layout-id150_00c222-3f > .kt-row-layout-overlay{opacity:0.30;}@media all and (max-width: 1024px){.kb-row-layout-id150_00c222-3f > .kt-row-column-wrap{grid-template-columns:minmax(0, 1fr) minmax(0, 2fr);}}@media all and (max-width: 767px){.kb-row-layout-id150_00c222-3f > .kt-row-column-wrap{grid-template-columns:minmax(0, 1fr);}}<\/style><div class=\"kb-row-layout-wrap kb-row-layout-id150_00c222-3f alignnone wp-block-kadence-rowlayout\"><div class=\"kt-row-column-wrap kt-has-2-columns kt-row-layout-right-golden kt-tab-layout-inherit kt-mobile-layout-row kt-row-valign-top kt-inner-column-height-full kb-theme-content-width\">\n<style>.kadence-column150_14a493-52 > .kt-inside-inner-col,.kadence-column150_14a493-52 > .kt-inside-inner-col:before{border-top-left-radius:10px;border-top-right-radius:10px;border-bottom-right-radius:10px;border-bottom-left-radius:10px;}.kadence-column150_14a493-52 > .kt-inside-inner-col{column-gap:var(--global-kb-gap-sm, 1rem);}.kadence-column150_14a493-52 > .kt-inside-inner-col{flex-direction:column;}.kadence-column150_14a493-52 > .kt-inside-inner-col > .aligncenter{width:100%;}.kadence-column150_14a493-52 > .kt-inside-inner-col{background-image:url('https:\/\/teknoweb.co\/ecological\/wp-content\/uploads\/2024\/12\/411.jpg');background-size:cover;background-position:center center;background-attachment:scroll;background-repeat:no-repeat;}.kadence-column150_14a493-52 > .kt-inside-inner-col:before{opacity:0.3;}.kadence-column150_14a493-52{position:relative;}@media all and (max-width: 1024px){.kadence-column150_14a493-52 > .kt-inside-inner-col{flex-direction:column;}}@media all and (max-width: 767px){.kadence-column150_14a493-52 > .kt-inside-inner-col{padding-bottom:300px;flex-direction:column;}}<\/style>\n<div class=\"wp-block-kadence-column kadence-column150_14a493-52 inner-column-1\"><div class=\"kt-inside-inner-col\"><\/div><\/div>\n\n\n<style>.kadence-column150_7c3162-bf > .kt-inside-inner-col,.kadence-column150_7c3162-bf > .kt-inside-inner-col:before{border-top-left-radius:0px;border-top-right-radius:0px;border-bottom-right-radius:0px;border-bottom-left-radius:0px;}.kadence-column150_7c3162-bf > .kt-inside-inner-col{column-gap:var(--global-kb-gap-sm, 1rem);}.kadence-column150_7c3162-bf > .kt-inside-inner-col{flex-direction:column;}.kadence-column150_7c3162-bf > .kt-inside-inner-col > .aligncenter{width:100%;}.kadence-column150_7c3162-bf > .kt-inside-inner-col:before{opacity:0.3;}.kadence-column150_7c3162-bf{position:relative;}.kadence-column150_7c3162-bf, .kt-inside-inner-col > .kadence-column150_7c3162-bf:not(.specificity){margin-right:100px;}@media all and (max-width: 1024px){.kadence-column150_7c3162-bf > .kt-inside-inner-col{flex-direction:column;}}@media all and (max-width: 767px){.kadence-column150_7c3162-bf > .kt-inside-inner-col{padding-right:0px;flex-direction:column;}.kadence-column150_7c3162-bf, .kt-inside-inner-col > .kadence-column150_7c3162-bf:not(.specificity){margin-right:0px;}}<\/style>\n<div class=\"wp-block-kadence-column kadence-column150_7c3162-bf inner-column-2\"><div class=\"kt-inside-inner-col\">\n<p><br><br>Estamos dedicados a convertirnos en un aliado estrat\u00e9gico para nuestros clientes, apoy\u00e1ndolos en el cumplimiento de objetivos ambientales y en la adopci\u00f3n de pr\u00e1cticas sostenibles que favorezcan su crecimiento responsable y su compromiso con el planeta.<br><\/p>\n\n\n\n<p><\/p>\n<\/div><\/div>\n\n<\/div><\/div>","protected":false},"excerpt":{"rendered":"<p>egological Somos l\u00edderes en soluciones sostenibles queequilibran desarrollo y preservaci\u00f3n ambiental.Email: info@ecological.cr \u00bfQui\u00e9nes Somos? En Ecological CR, lideramos la implementaci\u00f3n de soluciones ambientales integrales que promueven un equilibrio sostenible entre desarrollo econ\u00f3mico y preservaci\u00f3n del entorno. Nos enfocamos en cuatro pilares fundamentales: eficiencia energ\u00e9tica, energ\u00edas limpias, gesti\u00f3n h\u00eddrica y neutralidad de carbono. Con una visi\u00f3n&#8230;<\/p>\n","protected":false},"author":1,"featured_media":362,"parent":0,"menu_order":0,"comment_status":"closed","ping_status":"closed","template":"","meta":{"_kadence_starter_templates_imported_post":true,"_kad_post_transparent":"","_kad_post_title":"","_kad_post_layout":"","_kad_post_sidebar_id":"","_kad_post_content_style":"","_kad_post_vertical_padding":"","_kad_post_feature":"","_kad_post_feature_position":"","_kad_post_header":false,"_kad_post_footer":false,"footnotes":""},"class_list":["post-150","page","type-page","status-publish","has-post-thumbnail","hentry"],"_links":{"self":[{"href":"https:\/\/teknoweb.co\/ecological\/wp-json\/wp\/v2\/pages\/150","targetHints":{"allow":["GET"]}}],"collection":[{"href":"https:\/\/teknoweb.co\/ecological\/wp-json\/wp\/v2\/pages"}],"about":[{"href":"https:\/\/teknoweb.co\/ecological\/wp-json\/wp\/v2\/types\/page"}],"author":[{"embeddable":true,"href":"https:\/\/teknoweb.co\/ecological\/wp-json\/wp\/v2\/users\/1"}],"replies":[{"embeddable":true,"href":"https:\/\/teknoweb.co\/ecological\/wp-json\/wp\/v2\/comments?post=150"}],"version-history":[{"count":10,"href":"https:\/\/teknoweb.co\/ecological\/wp-json\/wp\/v2\/pages\/150\/revisions"}],"predecessor-version":[{"id":997,"href":"https:\/\/teknoweb.co\/ecological\/wp-json\/wp\/v2\/pages\/150\/revisions\/997"}],"wp:featuredmedia":[{"embeddable":true,"href":"https:\/\/teknoweb.co\/ecological\/wp-json\/wp\/v2\/media\/362"}],"wp:attachment":[{"href":"https:\/\/teknoweb.co\/ecological\/wp-json\/wp\/v2\/media?parent=150"}],"curies":[{"name":"wp","href":"https:\/\/api.w.org\/{rel}","templated":true}]}}